 10, 6 = 3*t + 4*x - 5*x. Let b(p) = p**3 - p**2 - p. Let y(r) = -12*r**3 + 3*r**2 + 2*r + 1. Let o(d) = 3*b(d) + y(d). Give o(t).
-9
Let o = -30 - -27. Let f(d) = -d - 1. Let h(p) = 3*p + 4. Let q(l) = -4*f(l) - 2*h(l). Determine q(o).
2
Suppose -3*j - 1 = 3*c + 2, 0 = -4*j - 20. Let q(y) = -y**2 + 2*y**2 - 4 - 1. What is q(c)?
11
Let y = -365 + 367. Let p(a) be the first derivative of -2*a**2 + y*a + 4 - 1/2*a**4 + 4/3*a**3. Calculate p(2).
-6
Let v(d) = -12 + d**2 + 22 + 3*d - 9 - 2*d + 0*d**2. Let z = 11 + -8. Let i = z - 5. What is v(i)?
3
Let o(q) be the first derivative of q**7/840 - q**6/120 + q**5/60 - 46*q**3/3 - 43. Let s(y) be the third derivative of o(y). Give s(4).
24
Let v(y) = -7589*y**2 - 10*y + 7586*y**2 + 3*y - 6. Calculate v(-4).
-26
Suppose -4*h + 2*q + 16 = 0, 5*h - 3*q - 20 = -q. Let y(j) = 3*j + 7. Calculate y(h).
19
Let q(z) be the second derivative of -z**5/30 - z**3/6 - 15*z**2/2 + 15*z. Let n(b) be the first derivative of q(b). Suppose -7 = 4*l - 3. Give n(l).
-3
Let u(r) = -2*r**2 + 27*r + 17. Let x be u(14). Suppose 4*j + c = -25, 2*c + 35 = -x*j - 2*j. Let g(y) = -y**3 - 4*y**2 + 5*y - 6. Calculate g(j).
-6
Let k(b) be the third derivative of 0*b - 1/3*b**3 - 1/60*b**5 + 0 - 21*b**2 + 0*b**4. Give k(-3).
-11
Suppose -4*x + 128 = -36. Suppose x*f + 12 = 39*f. Let i(l) = -l**2 - 7*l - 5. Let s(k) = -2*k**2 - 14*k - 9. Let p(o) = 5*i(o) - 3*s(o). Give p(f).
-4
Let z be -1 + (1886/(-483) - 4/42). Let u(t) = -t**3 + 5*t**2 - 4*t + 1. Let m be u(4). Let c(b) = -b**2 - m - 1 - 4*b + 0*b. Calculate c(z).
-7
Suppose 2*w = -6, 2*z - 4*w - 27 - 15 = 0. Let d(y) = 3*y - 14*y**2 + z*y**2 - 3*y + 2*y + 4. Give d(-3).
7
Suppose -76 = -2*v - 2*v. Suppose -23*a + 32 = -v*a. Let w(b) = -2*b + 10. Determine w(a).
-6
Let w(q) = -q**3 - 4*q**2 + 5*q + 5. Suppose 3*r + 15 = -0*x - 4*x, -20 = 4*r + x. Determine w(r).
5
Let r(q) = q - 1. Let m be r(1). Let i(t) = 5*t**2 + t + 6. Let y(z) = -11*z**2 - 2*z - 12. Suppose 5*g = 7*g + 26. Let c(a) = g*i(a) - 6*y(a). What is c(m)?
-6
Let k(g) be the third derivative of -g**5/30 - g**4/12 - g**3/6 - 2*g**2 - 23*g. What is k(2)?
-13
Let x(f) = 6*f**2 + 7*f + 6. Suppose 3*u = -v - 4, 2*u = -3*v + u + 12. Let n(s) = -s**2 - s - 1. Let h(r) = v*n(r) + x(r). Determine h(-2).
1
Suppose -4*b - 5*n = -26, -2*b - 22*n = -17*n - 28. Let c(o) be the first derivative of 17*o**2/2 - 1. Calculate c(b).
-17
Let o(d) = -2*d - 7. Let i be o(-3). Let m be ((-14)/(-21))/(i/(-3)). Let g(a) = -3 + 5*a**2 - 3*a**2 + 4 - a - a**m. Give g(0).
1
Let d(h) = 6*h - 12*h**2 - 3*h**2 - h**3 + 27*h**2 + 18 + 6*h. Let x be d(13). Let c(y) = 0 + 1 + 3*y + y. Give c(x).
21
Let m(q) = -5*q + 2. Let o(v) = 0 + 2*v - 3 + 1 + 1. Let f(y) = 4*m(y) + 11*o(y). Let g = -2 - -8. Give f(g).
9
Let u(o) = o**3 + 4*o**2 - 2*o - 4. Suppose -4*p - 6 = 14. Let z(w) be the second derivative of w**4/12 + 7*w**3/6 + 3*w**2 - w. Let v be z(p). Give u(v).
4
Suppose -11*i - 14 = -80. Let j(v) = v - 12. What is j(i)?
-6
Let z(i) = -4*i**2 + 5*i - 3. Let j(w) = -5*w**2 + 5*w - 4. Let p(y) = -5*j(y) + 6*z(y). Let x = 88 - 68. Suppose 3*s - x = 8*s. What is p(s)?
-2
Let z(w) = -2*w**3 + w**2 + 8*w - 5. Let r(m) = -m**3 + m**2 + 4*m - 3. Let a(y) = -9*r(y) + 4*z(y). Suppose 0 = 2*u - 5*u + 15. Give a(u).
-13
Suppose 30*v + v = 0. Let u(y) be the third derivative of 1/12*y**4 - 1/3*y**3 + v*y + 3*y**2 + 0. Give u(3).
4
Let t(h) = 7*h**3 - 8*h**2 + 14*h - 15. Let z(a) = -a**3 - a + 1. Let l(q) = -t(q) - 6*z(q). Let b be (-462)/(-70) + 20/50. What is l(b)?
2
Let z(r) be the first derivative of r + 0*r**3 - 10 + 0*r**2 + 7/4*r**4. Determine z(-1).
-6
Let p(i) be the third derivative of i**6/120 - i**5/12 - i**4/3 + 3*i**3/2 + 32*i**2 - 5. Let y be 52/9 - 2/(-9). Determine p(y).
-3
Let j(c) be the second derivative of 1/6*c**3 - 5*c**2 + 0 - 2*c. Calculate j(6).
-4
Let x = 5 - 8. Let m(n) = 8*n**2 - 4*n + 13. Let j(a) = -a**2 + a - 2. Let i(q) = -6*j(q) - m(q). Calculate i(x).
-13
Let r = 3/533 + 527/1066. Let a(z) be the first derivative of 2 + r*z**2 - 6*z. Calculate a(3).
-3
Suppose -4*u = 3*t + 12, -5*u - 2 = t + 2. Let h = u - -15. Let p be (h/9)/((-10)/(-36)). Let i(m) = m - 3. Determine i(p).
3
Let p(y) = -5*y**2 + 18264 - y**3 - 6*y - 18274 + 4*y. Give p(-5).
0
Let u(t) be the first derivative of -t + 2/3*t**3 - 17 + t**2. What is u(1)?
3
Suppose 3*m = m - 4*k + 8, -2*k = -m. Let x(a) = 7*a - 2 - 15*a + 9*a - m. Determine x(5).
1
Let j(g) = 6*g - 7. Let n(q) = -3*q - 1. Let u(c) = c + 1. Let m = -9 + 11. Let i(y) = m*u(y) + n(y). Let p(f) = -5*i(f) - j(f). Determine p(5).
-3
Suppose 102 = 5*r + 2*v, -2*r - 5*v = -0*r - 24. Let p(n) = -n**3 + 23*n**2 - 21*n - 12. Give p(r).
10
Let d = 7 + -4. Let l(x) = -6*x - 1 - d*x**3 + 0*x**2 + x**2 + x**2 + 4*x**3. Calculate l(-4).
-9
Let h(z) = 2*z**2 - z - 1. Let f(r) = -3*r**2 + 14*r + 11. Let j(v) = f(v) + 2*h(v). Calculate j(-10).
-11
Let h(q) = q + 1. Let v(j) = -1. Let k(y) = -y - 4. Let f(w) = k(w) - 3*v(w). Let t = -40 - -43. Let z(s) = t*f(s) + 4*h(s). Give z(2).
3
Let z be -3 - 0*2/10. Let r(l) = -l**2 - 2*l - 5. Give r(z).
-8
Let j(u) = 2*u + 29. Let y be j(-13). Suppose 4*r - 11 = 5*w, -y*r + 4 + 8 = 0. Let t(b) = -2*b - b**3 + 55*b**2 + 2*b + w - 54*b**2. Give t(0).
1
Let v(z) = -2*z + 6. Let d(h) = h**2 - 1. Let m be d(1). Let x(l) = -l**2 + l + 6. Let u be x(m). Give v(u).
-6
Let t(i) be the third derivative of 0 + 0*i - 5/6*i**3 + 3*i**2 - 1/24*i**4. Suppose a + 6*f = f - 17, 0 = -3*a + f - 19. Give t(a).
2
Let m(i) = 2*i**2 + 7*i - 1. Let j = -15 + 35. Suppose j = 4*o + 40. What is m(o)?
14
Let j(q) = -5*q**3 - 4*q**2 - 2*q + 11. Let s(a) = 4*a**3 + 4*a**2 + 2*a - 9. Let v(r) = 3*j(r) + 4*s(r). What is v(-3)?
0
Let b be (-1)/(-1*2/8). Let w(f) = -2 + f + 2*f - b*f. Suppose -17*t = -14*t - 6. Determine w(t).
-4
Let y(q) be the second derivative of -q**5/20 + 3*q**4/4 + q**2 + 9*q - 8. What is y(9)?
2
Suppose 5*d = -2*t + 25, 4*t - 28 = 2*t - 4*d. Suppose -t*n = -21*n + 6. Suppose -o - 2*v - 7 = 0, 4*o = n*v - v + 11. Let g(y) = 6*y + 1. What is g(o)?
-5
Let j(a) = 86 + 93 + 3*a + 0*a - 199. Determine j(7).
1
Let p(u) = 4*u - u - u - 8. Suppose 10 = -3*n + 4. Let x be 1 + 6 + n + 1. Determine p(x).
4
Let i(n) = -n**3 + 2*n**2 + n + 3. Let h = -67 - -65. Let l be (3/h)/(11/(-22)). What is i(l)?
-3
Suppose -2*r + 2*u - 10 = 0, -5*r + 19*u - 21 = 18*u. Let i = 9 + -15. Let o = r - i. Let m(c) = c**2 + c. What is m(o)?
6
Let n(h) be the first derivative of h**4/4 - 5*h**3/3 + 3*h**2/2 - 4*h + 191. Determine n(3).
-13
Let w be 5/7 + (-6)/(-21). Let l(h) be the second derivative of -h**3/3 + h**2/2 - 307*h. Give l(w).
-1
Let v(o) = -o**3 + 3*o**2 - 3*o + 1. Let m = 109 - 106. Give v(m).
-8
Let o(h) = h**2 - 3. Let d be 15/20 + 100/16. Suppose 2*q - 16 + 2 = 0. Let j = d - q. What is o(j)?
-3
Let c(n) = -n**2 + 12*n + 6. Let j be c(14). Let o = 25 + j. Suppose -o = l + 5. Let i(h) = -h**2 - 7*h + 3. Determine i(l).
-5
Let w(q) = 8*q**2 + q. Suppose 5*u - 86 = 59. Let j = u - 30. Give w(j).
7
Let y(m) = m**3 - 16*m**2 + 16*m - 6. Let h be y(15). Let f(j) = -2*j + 2. Let i be f(h). Let o = i + 10. Let a(z) = -z**2 - 9*z - 8. Give a(o).
10
Let d(c) be the second derivative of c**7/840 + c**6/60 + c**5/24 - c**4/8 + 35*c**3/6 - 11*c. Let g(h) be the second derivative of d(h). Calculate g(-5).
-3
Let r(p) = -p - 9. Let x(t) = -6*t - 45. Let c(d) = -11*r(d) + 2*x(d). What is c(6)?
3
Let r(z) = 1. Let a(f) = 4*f + 3*f**2 - 7*f - 4*f**2 + 2. Let h be a(-3). Let g(p) = -p - 1. Let o(w) = h*g(w) + 2*r(w). Give o(-3).
6
Let z(j) = j**3 - 3*j**2 + 3*j - 3. Suppose -27 = -5*p + 8. Let f = 6 + -1. Suppose f = 4*h - p. Calculate z(h).
6
Let f(y) = -9*y - 4. Let g(u) = -u**3 + 28*u**2 - 16*u - 38*u**2 + 28*u**2 - 20. Let d be g(17). Give f(d).
23
Let k(f) = 76*f + 116. Let g(o) = 24*o + 38. Let y(p) = -16*g(p) + 5*k(p). What is y(-5)?
-8
Let r(s) = -4682 + s**2 - s + 2340 + 2338. Suppose 0 = i + 4. Let k = 8 + i. Give r(k).
8
Let r(v) = -v**2 + v + 3. Suppose -6*a = -a - 40. Suppose 4*d = -2*z + d - a, -2*d = 2*z + 4. Suppose -3*k + z = m - 8*k, -10 = 4*m - 2*k. Calculate r(m).
-9
Let u be (0 - 2)/2*(10 + -8). Let d(r) = r**3 + 3*r**2 - r - 1. Calculate d(u).
5
Let q(k) = -5*k**2 + 24*k + 35. Let z(v) = v**2 - 5*v 